t is 2 (base 10) in base 6?
2
Convert -130 (base 7) to base 12.
-5a
-1d (base 14) to base 4
-123
124 (base 9) to base 6
251
What is 3 (base 15) in base 6?
3
1 (base 5) to base 7
1
What is 101111 (base 2) in base 8?
57
Convert -14 (base 14) to base 2.
-10010
Convert -2 (base 8) to base 16.
-2
-10 (base 7) to base 11
-7
3 (base 4) to base 2
11
What is 360 (base 7) in base 8?
275
What is -10000100 (base 2) in base 9?
-156
Convert 50 (base 15) to base 9.
83
105 (base 9) to base 10
86
-1 (base 15) to base 5
-1
What is -10 (base 9) in base 16?
-9
-1 (base 8) to base 5
-1
107 (base 12) to base 3
12121
Convert -1100 (base 3) to base 10.
-36
Convert 110010 (base 2) to base 8.
62
-23 (base 7) to base 13
-14
-110010 (base 2) to base 6
-122
What is -2 (base 15) in base 9?
-2
What is 19 (base 11) in base 8?
24
Convert -c (base 13) to base 7.
-15
What is -1220 (base 3) in base 9?
-56
What is 2 (base 9) in base 16?
2
Convert -4 (base 5) to base 11.
-4
-2 (base 10) to base 9
-2
10 (base 6) to base 9
6
What is 222 (base 4) in base 9?
46
Convert -b (base 16) to base 2.
-1011
What is 0 (base 13) in base 12?
0
What is -3 (base 4) in base 11?
-3
Convert -15 (base 10) to base 5.
-30
Convert 343 (base 6) to base 2.
10000111
What is -1010 (base 2) in base 10?
-10
-31 (base 13) to base 5
-130
What is 4 (base 7) in base 6?
4
What is -233 (base 6) in base 15?
-63
Convert 111 (base 2) to base 7.
10
What is -10100 (base 3) in base 15?
-60
Convert 4 (base 6) to base 11.
4
Convert 248 (base 10) to base 14.
13a
What is 110 (base 2) in base 6?
10
Convert -13 (base 9) to base 2.
-1100
What is 4 (base 10) in base 14?
4
What is 440 (base 6) in base 16?
a8
Convert 11 (base 4) to base 8.
5
What is 102 (base 11) in base 8?
173
Convert 1111 (base 2) to base 9.
16
What is 0 (base 9) in base 12?
0
What is -10 (base 13) in base 9?
-14
2 (base 3) to base 15
2
What is -32 (base 16) in base 11?
-46
110 (base 3) to base 14
c
Convert 111110 (base 2) to base 6.
142
Convert 303 (base 6) to base 15.
76
Convert -2 (base 14) to base 12.
-2
Convert 11 (base 3) to base 4.
10
What is -b (base 12) in base 16?
-b
Convert -47 (base 9) to base 5.
-133
-2 (base 16) to base 13
-2
Convert 0 (base 10) to base 6.
0
Convert 121 (base 4) to base 12.
21
Convert 220 (base 3) to base 13.
1b
What is -254 (base 8) in base 14?
-c4
Convert 1204 (base 6) to base 4.
10210
Convert 1 (base 13) to base 6.
1
-11 (base 2) to base 15
-3
What is -33 (base 10) in base 6?
-53
What is -10 (base 14) in base 10?
-14
What is -28 (base 16) in base 4?
-220
18 (base 12) to base 16
14
Convert -4 (base 13) to base 7.
-4
-202 (base 4) to base 3
-1021
What is -85 (base 13) in base 3?
-11001
What is 222 (base 4) in base 9?
46
What is -36 (base 14) in base 2?
-110000
-18 (base 9) to base 14
-13
Convert 0 (base 7) to base 12.
0
11 (base 11) to base 10
12
What is 11 (base 4) in base 6?
5
176 (base 13) to base 8
412
Convert -159 (base 13) to base 5.
-1433
Convert -1 (base 12) to base 11.
-1
18 (base 16) to base 15
19
What is 2113 (base 4) in base 16?
97
Convert 7 (base 11) to base 9.
7
What is 1 (base 16) in base 9?
1
What is -3 (base 4) in base 16?
-3
-2 (base 14) to base 8
-2
Convert 1 (base 6) to base 4.
1
Convert -1302 (base 4) to base 11.
-a4
What is 22 (base 16) in base 14?
26
-c (base 15) to base 12
-10
Convert 124 (base 6) to base 2.
110100
What is -14 (base 9) in base 4?
-31
What is 1c (base 16) in base 6?
44
Convert -75 (base 9) to base 6.
-152
Convert -65 (base 9) to base 10.
-59
Convert 3 (base 4) to base 9.
3
Convert 1 (base 11) to base 5.
1
-5 (base 15) to base 3
-12
What is b (base 16) in base 6?
15
What is -410 (base 8) in base 12?
-1a0
-1 (base 8) to base 14
-1
-121 (base 3) to base 5
-31
-3 (base 15) to base 6
-3
What is -6 (base 8) in base 15?
-6
Convert 65 (base 10) to base 4.
1001
Convert -10 (base 2) to base 9.
-2
Convert -100 (base 2) to base 12.
-4
Convert -95 (base 10) to base 16.
-5f
Convert 1a (base 15) to base 2.
11001
Convert 3 (base 10) to base 15.
3
223 (base 8) to base 10
147
7 (base 15) to base 10
7
What is -a (base 12) in base 13?
-a
-11 (base 6) to base 12
-7
What is -13 (base 4) in base 15?
-7
What is -43 (base 10) in base 7?
-61
Convert 1 (base 11) to base 7.
1
What is 147 (base 11) in base 15?
b7
Convert 65 (base 8) to base 16.
35
30 (base 13) to base 15
29
What is 14 (base 10) in base 8?
16
-35 (base 13) to base 11
-40
What is 3 (base 8) in base 2?
11
-1 (base 9) to base 11
-1
What is 6 (base 13) in base 9?
6
Convert -3 (base 8) to base 12.
-3
What is 1a (base 11) in base 5?
41
What is 13 (base 5) in base 10?
8
What is -10000 (base 2) in base 6?
-24
What is -4 (base 8) in base 9?
-4
Convert -12 (base 11) to base 2.
-1101
Convert -2 (base 13) to base 6.
-2
What is 70 (base 11) in base 9?
85
What is -8 (base 15) in base 11?
-8
-19 (base 16) to base 9
-27
Convert -3 (base 10) to base 2.
-11
What is -102 (base 3) in base 5?
-21
-2 (base 5) to base 8
-2
167 (base 13) to base 9
312
What is 3d (base 14) in base 13?
43
What is -4 (base 10) in base 7?
-4
Convert -20 (base 3) to base 4.
-12
325 (base 6) to base 12
a5
What is -54 (base 8) in base 14?
-32
2 (base 15) to base 12
2
11 (base 15) to base 12
14
Convert 3 (base 11) to base 10.
3
345 (base 6) to base 12
b5
3 (base 12) to base 10
3
Convert 53 (base 12) to base 2.
111111
-30 (base 13) to base 11
-36
1102 (base 4) to base 14
5c
Convert 1 (base 2) to base 16.
1
Convert 93 (base 11) to base 15.
6c
What is 1 (base 10) in base 15?
1
-111010 (base 2) to base 4
-322
What is -1 (base 2) in base 6?
-1
Convert 4 (base 12) to base 6.
4
-6 (base 11) to base 13
-6
Convert 0 (base 2) to base 7.
0
1 (base 5) to base 6
1
-33 (base 5) to base 7
-24
What is 214 (base 7) in base 3?
11001
26 (base 14) to base 15
24
Convert -11 (base 6) to base 8.
-7
11 (base 2) to base 14
3
Convert -7 (base 15) to base 6.
-11
Convert -142 (base 6) to base 2.
-111110
Convert 1 (base 10) to base 11.
1
What is -b (base 13) in base 10?
-11
Convert 200 (base 3) to base 6.
30
Convert 13 (base 13) to base 11.
15
What is -1 (base 5) in base 11?
-1
Convert -11 (base 4) to base 7.
-5
Convert -135 (base 7) to base 5.
-300
255 (base 7) to base 13
a8
Convert 0 (base 4) to base 10.
0
-5 (base 9) to base 7
-5
What is -a (base 12) in base 16?
-a
What is -34 (base 6) in base 4?
-112
What is -38 (base 13) in base 4?
-233
What is 110100 (base 2) in base 11?
48
What is 23 (base 10) in base 5?
43
Convert -12 (base 3) to base 6.
-5
What is 2 (base 13) in base 11?
2
What is -3 (base 5) in base 2?
-11
Convert -4 (base 16) to base 7.
-4
b4 (base 14) to base 3
12212
-36 (base 8) to base 6
-50
What is -103 (base 15) in base 12?
-170
Convert 0 (base 11) to base 5.
0
-8 (base 16) to base 13
-8
Convert 2 (base 9) to base 3.
2
What is 2023 (base 4) in base 3?
12011
What is -11002 (base 3) in base 13?
-86
What is 22 (base 3) in base 4?
20
What is -22 (base 9) in base 8?
-24
What is 6 (base 14) in base 5?
11
What is -18 (base 10) in base 8?
-22
What is 92 (base 15) in base 5?
1022
What is 5 (base 8) in base 15?
5
What is 4 (base 15) in base 3?
11
What is -46 (base 8) in base 6?
-102
What is -133 (base 7) in base 16?
-49
Convert -1 (base 13) to base 4.
-1
Convert 2 (base 14) to base 10.
2
Convert -34 (base 9) to base 5.
-111
Convert 122 (base 4) to base 12.
22
-3 (base 7) to base 5
-3
11 (base 12) to base 16
d
Convert 34 (base 7) to base 2.
11001
Convert 322 (base 4) to base 10.
58
What is 61 (base 11) in base 6?
151
1 (base 15) to base 13
1
Convert -10 (base 16) to base 5.
-31
-430 (base 5) to base 8
-163
-4 (base 13) to base 14
-4
-2 (base 10) to base 2
-10
Convert -1010 (base 2) to base 16.
-a
Convert 2 (base 9) to base 7.
2
What is -5b (base 12) in base 3?
-2122
Convert -2 (base 16) to base 15.
-2
Convert 1 (base 8) to base 4.
1
What is 2 (base 6) in base 2?
10
Convert 27 (base 8) to base 16.
17
What is 5 (base 14) in base 15?
5
Convert 3a (base 12) to base 5.
141
Convert 1120 (base 3) to base 10.
42
Convert -13 (base 6) to base 15.
-9
-1 (base 11) to base 8
-1
32 (base 5) to base 4
101
What is 5 (base 12) in base 13?
5
4 (base 10) to base 15
4
-21 (base 5) to base 15
-b
10012 (base 3) to base 7
152
Convert -c (base 14) to base 16.
-c
-ce (base 16) to base 6
-542
Convert -1 (base 4) to base 6.
-1
-12 (base 11) to base 